8)). What is the highest common divisor of 7 and s?
7
Suppose -5*x - 47 = -4*f, 4*x + 5*f = -40 - 14. Let c = x - -14. Calculate the greatest common factor of c and 33.
3
Let w be (-3)/6*20*-4. Calculate the greatest common factor of 50 and w.
10
Let y = -1 + 3. Let b be (-8)/((-14)/6 + y). What is the greatest common divisor of 16 and b?
8
Let z be ((-506)/(-4))/(2/(-8)). Let h be z/(-6) - (-1)/(-3). Let w(n) = -n**2 + 10*n + 5. Let o be w(8). Calculate the highest common factor of o and h.
21
Suppose -2*d = 3*l - 22, 4*l + 64 = 6*d - 2*d. Let w(p) = 4*p - p + 0*p + 34*p**2 - 4*p. Let c be w(-1). What is the greatest common divisor of c and d?
7
Suppose -4*r + 65 = 1. Calculate the greatest common divisor of r and 4.
4
Suppose 1 + 11 = 4*u. Suppose 4*a - n = 753, -2*a - 387 = -4*a - u*n. Calculate the greatest common factor of a and 27.
27
Let t(s) = 3*s - 8. Let m be t(3). Calculate the highest common divisor of 17 and m.
1
Suppose n + 14 = -0*n - 5*u, -2*n - 3*u = 14. Let y = 15 + -26. Let t be (n + 7)*y/(-3). What is the greatest common factor of 121 and t?
11
Let l(q) = -2*q - 6. Let g be l(-4). Suppose g*d - 3*d - 2 = -2*f, 4*f + 2 = 3*d. What is the greatest common divisor of 66 and d?
6
Let j = 5 + -7. Let m be 2264/18 - j/9. What is the greatest common divisor of m and 14?
14
Let c be 7/4 - (-2)/8. Suppose s + 50 = c*z - 2, 0 = s. Let y = -25 - -38. What is the highest common factor of y and z?
13
Let q = -1 - -3. Let s be -1*(1 + q)/(-3). Let j be 1 - ((-2)/1 - -1). What is the greatest common divisor of s and j?
1
Let j(v) = -3*v**3 - 3*v**2 - v - 2. Let g be j(-2). Suppose 2*u = -2*s - 10, 2*s + 10 = 2*u + u. Let m = g + u. What is the highest common factor of 96 and m?
12
Let f(q) = -11*q - 11. Let a be f(-9). What is the greatest common factor of a and 8?
8
Let g = 3 - 1. Suppose g*l - 2*m - 8 = 0, 0 + 3 = 2*l - m. Let d be (-4)/2*1*l. Calculate the highest common factor of 4 and d.
2
Let r = 6 + -1. Suppose -4*h - 244 = -3*f, -10 - 141 = -2*f + r*h. What is the greatest common factor of f and 11?
11
Suppose -7*b = -4*b - 15. What is the greatest common divisor of 15 and b?
5
Suppose 0 = 5*s - 0*s - 420. Let n = -3 - -15. Calculate the highest common divisor of s and n.
12
Let j be 302/6 + (-4)/(-6). Let a = 28 - 11. What is the greatest common divisor of j and a?
17
Let w(y) = 14*y. Let i be w(1). Let d = -499 - -720. Let o = d - 95. Calculate the greatest common divisor of o and i.
14
Let l(z) = -z**3 + 10*z**2 + 16*z - 11. Let j be l(11). Calculate the greatest common divisor of j and 11.
11
Let a(q) = q**2 + 5*q - 10. Let j = 4 + -11. Let u be a(j). Suppose -p - 24 = -5*k - 6, u*p - 5*k = -12. Calculate the greatest common factor of 18 and p.
2
Let j(c) = -2 + 4*c - 4 + 1. Let d be j(8). Suppose -41 = -4*b - g, 2*b - 3*b - 4*g = -29. Calculate the greatest common divisor of b and d.
9
Let h = 0 + 4. Suppose -h = -l + 5. Calculate the highest common divisor of l and 1.
1
Let h be 5237/5 + 6/10. Suppose 5*u = -5*k + 1305, -4*u - 4*k + 2*k + h = 0. Let r = -158 + u. What is the highest common factor of 21 and r?
21
Let d be 0/(-1*2/2). Suppose -n - z + 2 = d, 13 = -0*n + 2*n + 5*z. Let y be -2*-8*(-2)/n. What is the greatest common divisor of 48 and y?
16
Let v(g) = 19*g - 2. Let b be v(-1). Let i = b + 59. Calculate the highest common factor of 304 and i.
38
Let t be ((-30)/4)/((-1)/2). Suppose c - 180 = -3*c. What is the greatest common factor of c and t?
15
Suppose -2*a + 5*a - 210 = -2*b, 0 = 2*a - 4*b - 156. Let t(f) = f**2 + 8*f - 8. Let x be t(-9). Let c = x - -8. What is the greatest common factor of c and a?
9
Let k(v) = -v**3 - 6*v**2 + 4*v - 1. Let h be k(-7). Calculate the greatest common factor of 20 and h.
20
Let y(w) = -2*w**2 - 3*w - 3. Let f(c) = -3*c**2 - 5*c - 5. Let d(g) = 3*f(g) - 5*y(g). Let z be d(-1). What is the greatest common factor of 2 and z?
1
Let f(j) = -2*j - 14. Let h be f(-33). Calculate the greatest common factor of 4 and h.
4
Suppose -3*j = j - 132. Calculate the greatest common factor of 22 and j.
11
Let w(r) = -r**2 + 3*r + 1. Let u be w(3). Let a(y) = 8*y. Let q be a(u). Let s be 0 + 2 + 7*10. What is the greatest common divisor of s and q?
8
Let q = -4 + 7. Let p(b) = b - 4. Let v be p(6). Suppose v*f = 7*f + 2*x - 71, 2*f + 2*x - 26 = 0. Calculate the greatest common factor of f and q.
3
Suppose -2*o = -32 + 8. Let s = -86 - -170. Calculate the greatest common factor of s and o.
12
Suppose 4 = 3*d - 2. Suppose -49 - 23 = -d*o. What is the greatest common factor of 12 and o?
12
Let s(k) = k**2 + 9*k - 9. Let p be s(-10). Suppose 17 = 5*z + 3*c, -z = -2*c + 7*c + p. Calculate the greatest common divisor of z and 12.
4
Let c = 38 + -28. What is the greatest common factor of c and 2?
2
Suppose 0 = 2*d - 5*d + 39. Let p be 2/4 - (-7)/(-2). Let x be (p + 30 - 1)*2. What is the greatest common factor of d and x?
13
Let x(l) = -l**2 + 3*l - 1. Let k be x(2). Let p be k*90 - (-3 + 2). Calculate the greatest common factor of p and 13.
13
Suppose -6*u = -4*u - 24. Suppose -u = -2*p - p. What is the highest common factor of 10 and p?
2
Suppose 9*j - 950 = 4*j. Suppose 5*n - j = m, n - m - 59 = -21. Let f = n - -37. Calculate the greatest common divisor of f and 30.
15
Let i(z) = -2 - 3*z**2 - 5*z**3 - 2*z + 4*z**3 - 3*z**2. Let s be i(-6). Calculate the highest common divisor of s and 80.
10
Let r(c) = c**3 - 11*c**2 + 13*c - 9. Let n be r(10). Calculate the highest common factor of 168 and n.
21
Suppose 5*t - 183 = 132. Suppose -3*g - 18 = -5*g. Calculate the greatest common divisor of g and t.
9
Let g(t) be the third derivative of -t**6/30 - t**5/20 - t**4/8 - 4*t**2. Suppose 4 = -v - v. Let b be g(v). What is the greatest common divisor of b and 13?
13
Suppose -4*l = -4*z - 68, -8 - 38 = -3*l - 2*z. Calculate the highest common divisor of 4 and l.
4
Let p = 2 + 3. Suppose -m + 5 = -0*m + 3*a, -9 = -p*m + a. Calculate the greatest common factor of m and 10.
2
Suppose j = -4*j - 5, 0 = -3*u - 3*j + 15. What is the greatest common factor of 48 and u?
6
Let l be (-3)/4 - (-285)/12. Suppose -l = f - 221. What is the highest common factor of 18 and f?
18
Let p(u) = -u**3 - 8*u**2 - u + 4. Let d be p(-8). Let y be 172/d + 4/6. Calculate the highest common divisor of y and 5.
5
Let y be 1/2*-3*-4. Let i = -93 - -201. Suppose 3*v - i = 54. Calculate the highest common factor of v and y.
6
Let f be 2/2 - 1*-119. Let b be ((-42)/(-63))/((-4)/(-90)). What is the highest common factor of f and b?
15
Let x(j) = 2*j**2 - 22*j**3 + 2 - 3 + 0. Let o be x(-1). Suppose a = 3*g - o, 2*g + 3*a - 6 = -a. Calculate the greatest common factor of 1 and g.
1
Let t = -1 - -2. Calculate the greatest common divisor of t and 8.
1
Suppose 5*f + 11 = 191. Calculate the greatest common divisor of f and 54.
18
Let z(f) = -f + 3. Let n be z(-4). Let w be 47/7 + (-2)/(-7). What is the highest common divisor of n and w?
7
Let m = 24 + -16. Suppose -5*v + 2*z + 112 = 0, v + 2*v + 5*z = 92. Calculate the greatest common factor of v and m.
8
Let g = -310 + 470. Suppose 20 - g = -4*k. Calculate the highest common divisor of 14 and k.
7
Suppose 6*u = 3*u + 9. Let z be 3 - ((-195)/u + 3). What is the greatest common divisor of 13 and z?
13
Suppose 0 = 5*f - 2*d - 0*d - 794, 4*f = -4*d + 652. Let z be (-26)/(-6) + (-1)/3. Let c be ((-15)/z)/(9/(-48)). Calculate the highest common factor of c and f.
20
Let f = 123 + 17. Calculate the highest common divisor of f and 56.
28
Let s be ((-72)/(-3))/(1/1). Let t = 6 + -5. Suppose -q = -0 + t, 5*x - 14 = -q. What is the highest common factor of s and x?
3
Let z = -19 + 28. Let u be (-7)/(-9) - (-2)/z. What is the greatest common factor of u and 5?
1
Let l be (3 + -2)/(-1 - (-8)/4). Calculate the greatest common divisor of l and 5.
1
Suppose -6 = 4*r - j, -r - 4 = 3*j + 4. Let k be 1*1/(r/(-10)). Suppose 3*f - 21 = k*a, f + 0*a = -2*a + 7. What is the highest common factor of f and 63?
7
Let u = 31 - 29. Let f(t) = -t**3 - 2*t**2 - t. Let v be f(-2). What is the highest common factor of u and v?
2
Suppose 2*q - a = 44, -2*q + 64*a = 62*a - 42. Let m = 380 - 173. Calculate the highest common divisor of m and q.
23
Suppose -o + j = 4*j + 1, -o - 2*j + 4 = 0. Let i be 1692/11 + 6/33. What is the g